4*a - 3*m - 513. Let c = -180 - a. What is the highest common divisor of 22 and c?
22
Let b be (4/16 - (-94)/(-24))*-6. Let j be (b/(-44))/(2/(-72)). Calculate the highest common factor of 126 and j.
18
Suppose -50*b - 34 = -t - 46*b, 4*b + 4 = 0. Calculate the greatest common factor of 1185 and t.
15
Suppose -5*x + 15 = 0, y - 4*x + 206 = -52. Let n = y - -379. What is the highest common divisor of 19 and n?
19
Suppose 7*o - 3*o = -3*b + 5277, 0 = -b + o + 1773. Calculate the highest common divisor of b and 57.
57
Suppose 1113 = 136*j - 2151. What is the greatest common factor of j and 44028?
12
Let t = -1 + -1. Let o be -21*(t - -4)/(-6). Suppose 17*j + 29*j - 1496 = 114. What is the highest common factor of j and o?
7
Let m(r) = 6 + 10*r**2 + 4 + r**3 + r**2 + 2*r. Let y(b) = 79*b + 2202. Let u be y(-28). Let c be m(u). What is the greatest common divisor of 36 and c?
18
Let t = 8234 - 6965. Calculate the highest common divisor of 189 and t.
27
Let m be 5 - 3 - (1 - 2). Let j(d) = -d**3 - 18*d**2 + 17*d - 28. Let f be j(-19). Suppose -f*y = -12*y + 12. Calculate the highest common divisor of y and m.
3
Suppose 3*l = -p - 439, 4*p + 899 = l - 844. Let c = p + 464. Calculate the highest common factor of 8 and c.
4
Let u(b) = b**2 + 16 + 137*b - 64*b + 27 - 66*b. Let o be u(-5). Calculate the highest common divisor of o and 363.
33
Suppose -8*d = 5*r - 17650, -2*d - r + 4406 = -3*r. Calculate the greatest common divisor of d and 135.
45
Let n = -691 + 985. Suppose -4*q + 2*u + n = 0, -4*u = 2*q - 193 + 31. Calculate the highest common divisor of 15 and q.
15
Let q be ((-60)/55)/((-4)/22) + 27/3. Calculate the highest common factor of q and 885.
15
Let t(h) = 9*h - 64. Let f(q) = q**3 + 39*q**2 + 107*q - 22. Let g be f(-36). Let j be t(g). What is the highest common divisor of 31 and j?
31
Let b = 32466 - 28495. What is the greatest common factor of b and 99?
11
Suppose -5*o - 101 = -12*o - 31. Suppose 0 = 4*y - 4*w - 20, -5*w + 2*w = 4*y - 27. What is the greatest common factor of y and o?
2
Let t be 6*377/(-39)*(-2)/4. Suppose -5*q - 4*n = -302, 0 = 3*n + 2*n - 15. Calculate the highest common divisor of t and q.
29
Suppose -20*x = -31870 - 12130. Suppose 6*g = 2*g + x. Calculate the greatest common factor of g and 165.
55
Let l(i) = i**3 - 29*i**2 + 47*i + 199. Let g be l(27). Let y = -10 - -18. What is the highest common factor of g and y?
2
Let a(w) = 57*w**3 - w**2 - w + 1. Let q be a(1). Let g = 52204 + -52190. Calculate the highest common factor of q and g.
14
Suppose 13 - 61 = -12*n. Suppose -11*d + 125 = 5*y - 6*d, 0 = -n*y - d + 115. Calculate the highest common factor of 120 and y.
30
Let r be 9/(-585)*-13 + (-728)/(-10). What is the greatest common divisor of r and 2774?
73
Let k = 14100 + -14079. Let f = 659 + -428. What is the highest common divisor of f and k?
21
Suppose 0 = -6*p - 5 - 43. Let a(n) = n**3 + 9*n**2 + 3*n - 8. Let j be a(p). What is the greatest common factor of 368 and j?
16
Let v(y) = 4*y**3 + 2*y**2 - 1. Let f be 1*1/(-3)*-3. Let a be v(f). Let o be (0/a)/(-4) + 1. Calculate the highest common factor of 1 and o.
1
Let h(i) = -i**2 - 8*i + 55. Let x be h(-12). Suppose 56 = 5*b - 3*a, 4*b - x*a + 8*a - 55 = 0. What is the greatest common divisor of b and 923?
13
Let d be (-468)/10 + (-4)/(-30)*6. Let z be 28/322 - 2112/d. Calculate the greatest common factor of z and 2.
2
Suppose 1386 + 4272 + 712 = 35*q. What is the greatest common factor of q and 650?
26
Suppose -7*q + 999 = -4*n - 1357, -2*q + 2*n = -674. Let g(x) = x**2 + 6*x - 7. Let o be g(5). Calculate the highest common divisor of q and o.
48
Let m = -64 - -15. Let z be (-28)/m*(-84)/(-8). What is the highest common factor of z and 38?
2
Suppose -18*m - 50 = 2*z - 30*m, 10 = 3*z - m. Calculate the greatest common factor of 73 and z.
1
Let v = -1688 + 2494. Suppose -31*f + 546 + 656 = 396. What is the greatest common factor of f and v?
26
Let r(a) = -30*a - 25. Let b be r(-1). Suppose b*z - 148 = -3*k, 172 = 3*k + 9*z - 10*z. What is the greatest common divisor of 84 and k?
28
Suppose -12 = 14*i - 18*i. Suppose x + 22 = 4*o - x, -o + i*x + 3 = 0. Calculate the highest common factor of 8 and o.
2
Let d be (9 - 27/2)/((-3)/(-8)). Let y be 36/8 - d/(-8). Suppose -3*a = y*o - 52 + 7, -2*o - 3*a + 33 = 0. Calculate the highest common divisor of 12 and o.
12
Let w = 5154 - 5070. What is the highest common factor of w and 546?
42
Let u = -66 - -254. Suppose 92 = -8*b - u. Let s = b - -77. What is the greatest common factor of 63 and s?
21
Let o = 21785 - 14839. Calculate the highest common factor of o and 46.
46
Let r be 48/(-12) - (3 - 12). Suppose r*k - 133 = 4*k. What is the greatest common factor of k and 21?
7
Suppose 5*t = -30, 8034 = 161*a - 158*a + 5*t. What is the greatest common factor of 98 and a?
14
Let q be 0 + 1 + -2 + 84. Let w = -37 + q. Let f(n) = n**2 - 7*n - 6. Let i be f(-7). Calculate the highest common factor of w and i.
46
Suppose 12*u + 3*c = 1560, -2*c - c = 5*u - 657. What is the highest common divisor of u and 344?
43
Let d(l) = 192*l + 1672. Let z be d(-8). What is the highest common divisor of z and 352?
8
Suppose -616*s + 24683 + 66317 = -161*s. What is the greatest common factor of 3680 and s?
40
Suppose -69 = -12*p + 1755. Let x = p + -142. Calculate the greatest common factor of 160 and x.
10
Let w = -130 + 200. Let g be -1 + 260/9 - (-565)/5085. Calculate the highest common factor of g and w.
14
Suppose 8*v + 2 = -22. Let r be (-1 - (11 + v))/((-2)/8). Suppose -4*f + r = -96. Calculate the greatest common divisor of f and 264.
33
Let m(k) = 11*k**2 + 39*k + 32. Let h be m(-9). What is the greatest common divisor of 44 and h?
44
Let m(o) = -4*o**3 - 5*o**2 + 2*o. Let y be m(-4). Suppose 31*r - 33*r - 136 = 0. Let c = 89 + r. Calculate the highest common divisor of y and c.
21
Let h(j) = j**2 - 15*j - 30. Let w be h(29). Suppose s + s + 3*b - 79 = 0, -5*b + 22 = s. Calculate the greatest common factor of s and w.
47
Let k(a) = 19 - 241*a + 257*a + 3. Let v be k(13). What is the highest common factor of v and 92?
46
Suppose -4*l + 13 + 23 = 0. Suppose -6*i + i + 4*t + 29 = 0, 0 = 2*i + t - l. Suppose -5*g + 6 = 1. Calculate the greatest common factor of g and i.
1
Let t = 8360 - 7210. What is the highest common divisor of 500 and t?
50
Suppose -12*h - 175 + 1219 = 0. Let q = h - 78. Suppose 4*u + 5*k = -1 + q, 24 = 4*u + k. What is the highest common factor of 1 and u?
1
Let h(f) = -1 + f**3 + 1 - 5*f**2 + 2*f - 2 + 3*f. Let p be h(4). Suppose d - 4 = p. Calculate the highest common factor of 15 and d.
3
Suppose 0 = -9*g + 130*g - 2384063. Calculate the highest common factor of 646 and g.
323
Suppose -3*q - 289 = -5*y, -y + 5*y = 2*q + 232. Let l be (2/6 - 16/(-24)) + y. What is the greatest common divisor of 165 and l?
15
Let c(s) = -s**3 + 8*s**2 - 8*s - 15. Let d be c(5). Suppose 121*x = 116*x + 850. Calculate the greatest common divisor of d and x.
10
Let f be 2/(-8) + (-3939)/(-12). Let q(m) = 55*m**2 + 610*m + 96. Let b be q(-11). What is the greatest common factor of f and b?
41
Let p be -1*7824/(-12)*2. What is the highest common divisor of p and 815?
163
Let m(x) = -3014*x - 6513. Let w be m(-13). What is the greatest common factor of w and 13?
13
Let s(q) = 4*q**3 - 2*q**2 + 3*q - 1. Let u be s(2). Let t(o) = -17*o + u*o + 28 - 14*o. Let i be t(10). Calculate the highest common divisor of i and 48.
8
Let y(k) = k**3 + 6*k**2 - 69*k + 6. Let s be y(6). Suppose -8 = -u - 2. Calculate the greatest common divisor of u and s.
6
Let o = 431 - 435. Let k be (-2)/o*(-5 - -43 - -10). Calculate the highest common divisor of 744 and k.
24
Suppose -4*m = g - 0 - 17, -5*g + 5*m - 15 = 0. Let o be g - 414*-1 - 1. Calculate the highest common factor of o and 46.
46
Let p(c) = -2*c**3 - 142*c**2 - 413*c - 85. Let r be p(-68). Calculate the highest common divisor of 270 and r.
15
Let x = -149 - -151. Suppose -17 = -x*g - 11. Let j(p) = -p + 13. Let s be j(-14). What is the greatest common factor of g and s?
3
Let w = -18581 - -27834. Calculate the highest common divisor of 19 and w.
19
Let a be 42840/231 + 9 + (-6)/(-11). Let o = 82 - -38. What is the highest common divisor of a and o?
15
Let k(h) = 18*h - 579. Let y be k(53). Let m b